et i(v) = -4*v + 287. Let w be i(23). Suppose 11*j = w + 696. Calculate the highest common factor of 9 and j.
9
Let h = -379 + 86. Let o = h + 437. What is the highest common divisor of 9 and o?
9
Suppose s - 651 = -4*u, 25*s + 4*u - 1905 = 22*s. What is the greatest common divisor of s and 1188?
33
Let g(t) = 446*t + 46. Let x be g(1). Calculate the highest common divisor of 123 and x.
123
Let b = -40 + 50. Suppose 4*x + 4 = -4, 0 = -2*h - x + b. Let n = 5 - 2. What is the greatest common factor of n and h?
3
Suppose -3*g + 61*m = 64*m - 175896, -4*m = -4*g + 234544. Calculate the greatest common divisor of 38 and g.
38
Suppose -5*i = -280 - 155. Suppose -3*h - 3*w + i = 0, -3*h = w - 103 + 6. Let s = h + -31. Calculate the greatest common factor of 39 and s.
3
Let o(s) = 323*s + 642. Let u be o(42). Calculate the highest common divisor of u and 192.
192
Let n(m) = -m + 81. Let l be n(69). Calculate the highest common divisor of l and 9.
3
Let u(l) = 49*l**2 + 203*l + 832. Let w be u(-4). Calculate the greatest common divisor of w and 132.
12
Let t be -2 + (-3 - -3) + 5. Let z be t/(1 + (-3)/(-6)). Let g = -985 + 988. What is the greatest common factor of z and g?
1
Let d be -1 - 1118/4 - 6/(-12). Let f = d - -440. What is the highest common factor of f and 20?
20
Suppose -5*o - 13729 = -2*y, 5*y + o = 6017 + 28319. Calculate the highest common divisor of 189 and y.
63
Let g be (6 - -94)*(-9)/(-12). Suppose -3*u + 7 = -8. Suppose -u*f = -2*f - 150. Calculate the greatest common factor of g and f.
25
Let r(l) = -39*l + 1419. Let u be r(31). Calculate the highest common divisor of u and 150.
30
Suppose 852*g + 406 = 859*g. Suppose 8*x - 290 = 3*x. What is the highest common divisor of g and x?
58
Suppose -126*a = -129*a + 4*d + 440, a - 155 = 3*d. Calculate the highest common divisor of a and 84.
28
Let v be (-3)/(-12) + (-365415)/(-340). Calculate the highest common factor of v and 400.
25
Let m be 6*2/(-5 - -3 - 2). Let b be (-12924)/(-60) + (-4)/(20/m). What is the greatest common divisor of b and 8?
8
Let b(a) = -a + 0*a + 86 + 2*a + a**3 + a + 68*a**2 - 31*a**2. Let x be b(-37). Calculate the highest common divisor of x and 3.
3
Let i(m) = m**3 - 82*m**2 + 9*m - 450. Let n be i(82). Calculate the highest common divisor of n and 2048.
32
Suppose -1394*s + 1390*s - z = -15880, -s - 3*z = -3992. Calculate the highest common divisor of s and 124.
124
Let a(o) = o**3 + 10*o**2 + 9*o - 13. Let r be a(-9). Let p be ((-58)/(-4) - -1)*(17 + r). Let f = p + -55. What is the highest common divisor of 91 and f?
7
Let m = 18 + -43. Let k be 0 + ((-2)/1 - m). Calculate the highest common divisor of 253 and k.
23
Let a = -22009 + 22341. Calculate the highest common factor of a and 72044.
332
Suppose 3*y + 2*r - 1066 = 0, -5*r = 3*y - 0*y - 1081. Let s(q) = -q**3 - 3*q**2 + 37*q + 95. Let t be s(-7). What is the highest common divisor of t and y?
32
Suppose -5*n = 10, -9 = -4*l - 5*n + 85. Suppose 1480 + 9882 = l*u. What is the greatest common divisor of u and 19?
19
Suppose 60*u = -70*u + 83*u + 371864. Calculate the greatest common divisor of 276 and u.
92
Let m = -627 + 419. Let h = -193 - m. Let y = -247 + 382. What is the greatest common divisor of h and y?
15
Let k be ((-18)/(-4))/(-9)*587*-4. Calculate the highest common divisor of 2 and k.
2
Suppose 0 = -4*p + p - 2*t - 6, -5*p + 5*t - 35 = 0. Let d be -2 + 99 - (-7 - p). What is the highest common divisor of 5 and d?
5
Let o = -992 - -993. Let f = -13 - -16. Suppose 0 = -4*y - r + 17, -5*y - 5*r - f = -43. Calculate the greatest common divisor of y and o.
1
Let s = 45 - 43. Suppose -146 - 52 = s*p. Let w be p/(-6) - 18/(-12). Calculate the greatest common divisor of 6 and w.
6
Suppose -1947*d + 1280 = -1907*d. What is the greatest common factor of d and 1952?
32
Let w = -175 + 286. Let j = w - 63. What is the greatest common divisor of j and 12?
12
Let i(k) = 12*k**2 + 11*k - 159. Let s be i(42). What is the highest common factor of 153 and s?
51
Let c(u) = u**3 + 41*u**2 - 181*u + 69. Let r be c(-45). What is the highest common factor of r and 874?
38
Suppose -3948 = 103*a - 136612. Calculate the highest common divisor of 280 and a.
56
Let s be (57/(-9)*-3)/((-4)/(-28)). Suppose -s = 4*n - 241. What is the greatest common divisor of n and 12?
3
Suppose 5*u = 4*s + 20548, 2*u - u + 5*s = 4098. Calculate the greatest common divisor of u and 79.
79
Let b be (-16)/108*(-1035)/10*33*1. What is the greatest common factor of 440 and b?
22
Let x(h) = 316*h + 4622. Let v be x(-14). Calculate the greatest common divisor of v and 324.
18
Suppose 45 = -2*t + 3*t. Suppose 2077*l = 2088*l - 55. What is the greatest common factor of t and l?
5
Let b be -15 + (-775)/(-1) + 0. Calculate the greatest common factor of b and 32.
8
Let a = 7829 - 7489. What is the highest common divisor of 320 and a?
20
Suppose -18*l + 16*l + 312 = 2*d, 0 = 3*l + 2*d - 472. Calculate the greatest common factor of l and 2200.
40
Suppose 0 = 9*s - 12*s + 60. Suppose 98 = -2*w + s. Let k = w - -56. Calculate the greatest common divisor of 68 and k.
17
Let g = 1 + 6. Suppose -81*h + 88*h - 49 = 0. What is the highest common divisor of g and h?
7
Suppose 17*c - 12*c = 25. Suppose 2*w = -0*w + 10. Suppose 5*n + 251 = w*z + 711, -4*n + c*z = -373. What is the highest common divisor of 58 and n?
29
Suppose 2*s - 2558 = 4*h, -2*s - 3*h + 378 + 2145 = 0. What is the highest common factor of s and 27?
27
Let v(b) = 24*b**2 + 917*b + 50. Let y be v(-42). What is the greatest common factor of y and 224?
32
Let z be -5 + 679/35 + 9/15. Suppose -z*u = -8*u - 1694. Calculate the highest common factor of u and 22.
22
Let d be 1*(-1 + -2) + -594*(-30)/180. Calculate the greatest common divisor of d and 57.
3
Let h = 244 - 246. Let r be (h - -2) + -1*20/(-5). What is the greatest common factor of 2 and r?
2
Suppose 19*p = -7*p + 2*p + 8496. What is the highest common divisor of p and 236?
118
Let k(n) = -2*n + 17. Let f be k(7). Suppose f*g = -0*h + 2*h + 89, -190 = -5*g - 5*h. Calculate the highest common divisor of 187 and g.
11
Suppose 0 = -4*k - 5*m + 2*m + 1451, -1808 = -5*k + 2*m. Suppose -k*z + 358*z + 1196 = 0. What is the greatest common divisor of z and 23?
23
Suppose 151*g - 158*g + 365688 = 115732. Calculate the highest common factor of 316 and g.
316
Let g = -28 - -45. Let i = -5320 - -5354. What is the greatest common factor of i and g?
17
Let u(z) be the first derivative of -z**4/4 + 4*z**3 - 12*z**2 - 2*z - 16. Let c be u(9). Let x = -419 - -619. What is the highest common factor of x and c?
25
Let k(w) = -w**2 - 24*w + 201. Let l(q) = -q**2 - 26*q + 202. Let f(n) = 4*k(n) - 3*l(n). Let y be f(-25). Calculate the highest common factor of 368 and y.
23
Let p(o) = -o. Let v be p(-1). Let c(z) = 2*z**2 + 82*z - 860. Let b be c(-50). What is the highest common divisor of b and v?
1
Suppose c = -a + 2*c - 162, a = -4*c - 162. Let z = a - -206. What is the greatest common factor of z and 572?
44
Suppose -97 + 33 = 13*l - 272. Suppose -2*w + 7 = -11. Let m be 723/w + (-1)/3. Calculate the greatest common divisor of l and m.
16
Suppose 5*r + 4721 = 3*i, 5*i + 93*r = 92*r + 7915. What is the greatest common divisor of 42 and i?
14
Let y = -2958 - -3361. Let t(o) = -o**3 + 7*o**2 - o + 1. Let s be t(6). What is the greatest common divisor of s and y?
31
Suppose 4*p + 0*l = -l + 16, 0 = 2*p + 3*l - 18. Let g = 8 + -49. Let d = g - -65. What is the highest common divisor of p and d?
3
Suppose -z - 192 + 154 = -q, -2*q + 48 = 5*z. What is the greatest common factor of 986 and q?
34
Suppose -100 - 20 = 8*g. Let k = -12 - g. Suppose -57 = -0*h - k*h. Calculate the greatest common divisor of h and 19.
19
Let o(h) = 2*h**3 - 9*h + 38613. Let q be o(0). What is the highest common factor of 366 and q?
183
Suppose -6 = 2*i - 3*l + 1, 2*i + 12 = 4*l. Let v(c) = c + 12. Let u be v(-7). Suppose -i*d - u = -89. What is the greatest common divisor of 21 and d?
21
Let r(t) = -2*t. Let m be r(-1). Let s be -84*(7/(-3) + m). Suppose 4*z - 2 - 31 = -3*j, 4*z - 12 = 0. What is the greatest common divisor of j and s?
7
Let f(y) = y**2 + 11 - 3*y - 3 + 4*y. Let v be f(0). Let u = 32 - 8. Calculate the highest common divisor of u and v.
8
Let y = -29 - -29. Suppo